a - 15 = 0. Let s be (5/3)/(1/a). What is the greatest common factor of s and 5?
5
Let t(u) = u**2 - 4*u + 6. Let w be t(4). Suppose w*y - 176 = 2*y. Suppose 2*v + v = i + 17, -4*i - 8 = 3*v. Calculate the highest common factor of v and y.
4
Suppose -28 = -2*n - 2*r - 0*r, -4*n = 3*r - 52. Calculate the greatest common divisor of n and 70.
10
Let q = 967 - 944. What is the highest common factor of 621 and q?
23
Suppose 29*m + 371 - 2459 = 0. What is the greatest common factor of m and 264?
24
Let n = -23 + 33. Calculate the highest common divisor of n and 200.
10
Suppose 5*r = r + 16. Suppose -7*v = -r*v. Suppose 4*y + 5*f = 27, 4*y + f + v*f = 15. Calculate the highest common divisor of y and 33.
3
Let j be 51 + (-16)/24*18/4. Let a = j - 42. What is the highest common factor of a and 42?
6
Let y(n) = -12*n + 2. Let i(m) = -18*m + 3. Let p(q) = -5*i(q) + 7*y(q). Let t be p(1). Let j be 40 - 0/(1 + 1). What is the greatest common divisor of j and t?
5
Let i be -2 - (-102)/14 - 4/14. Suppose 3*q - 2*p = 3*p - 8, -36 = -i*q - 4*p. Calculate the highest common factor of 36 and q.
4
Suppose 0 = 3*r - 5*l - 44, -5*l - 1 - 3 = 2*r. Let v = 9 - 5. Suppose -v*q = q - 360. Calculate the highest common factor of q and r.
8
Let r(g) = 3*g - 4. Let l be r(3). Suppose l*y + 3*n = 2759, 0*y - y - 4*n + 562 = 0. Suppose o = 3*o - y. What is the greatest common factor of o and 25?
25
Suppose -3*h = 5*s - 56, -3*s + 11 = -5*h - 9. Suppose d + 2*d - 316 = -5*o, -4*d = 3*o - 183. Calculate the greatest common divisor of o and s.
5
Let p(m) = -m**2 + 10*m + 40. Let l be p(13). What is the greatest common factor of l and 4?
1
Suppose 0 = -k + 101 + 1. Let z = -56 + 73. What is the greatest common factor of k and z?
17
Let f(v) = -332*v - 2. Let c be f(-2). Let t be c/11 + 4/(-22). What is the highest common divisor of 24 and t?
12
Suppose -4*n - 3*h + 34 = -h, -3*n - 2*h + 24 = 0. Let k be ((-6)/5)/((-3)/n). Let y be 1 + 31*(-2)/(-2). What is the greatest common factor of k and y?
4
Let w be 84/8*264/154. Calculate the highest common factor of 72 and w.
18
Suppose -4*c = -4*g + 968, 3*g - 739 + 29 = -5*c. Suppose -h + 4*x = -10, 2*h + 3*h = x + 145. What is the greatest common divisor of g and h?
30
Suppose 10*a - 4895 = -1855. Calculate the greatest common factor of 32 and a.
16
Let l = -242 + 274. Calculate the highest common divisor of 4 and l.
4
Suppose -3*r + 4*l + 10 = 0, -49*l + 45*l = -8. Calculate the greatest common factor of r and 312.
6
Let d be 9 + -3*7/63*-3. What is the greatest common divisor of d and 8?
2
Suppose -6*f - 1364 = -17*f. What is the greatest common divisor of f and 93?
31
Suppose 10*d + 0*d - 160 = 0. Calculate the greatest common divisor of 144 and d.
16
Suppose 19*i = 217 + 524. Suppose -164*s = -161*s - i. Calculate the highest common factor of 13 and s.
13
Let d(i) = -i**2 - 29*i - 106. Let k be d(-16). What is the greatest common divisor of k and 782?
34
Let m(q) = q**3 - 15*q**2 + 13*q + 14. Let s be m(14). Suppose 4*g + s*d - 36 = -2*d, -3*d = 12. Calculate the greatest common divisor of g and 22.
11
Suppose 5*n = -i + 385, 3*i + n - 909 - 302 = 0. What is the highest common divisor of 5 and i?
5
Suppose -11*r + 10*r = -3. Let x be 2/(-6) + ((-471)/(-9) - r). Calculate the greatest common divisor of 7 and x.
7
Suppose -4*y = 5 - 1. Let a be (y - 3/2)*-2. Suppose -5*o + 4*b + 327 = 0, -a*o - 2*b - 81 = -390. Calculate the highest common divisor of o and 7.
7
Let o(m) = m**3 - 14*m**2 + 15*m + 11. Let x be o(13). Let g(b) = 2*b**2 + 21*b + 114. Let z be g(-8). Calculate the greatest common factor of z and x.
37
Let o = 183 - 111. Let n = -41 + o. What is the greatest common divisor of 248 and n?
31
Let s(h) = 69*h - 400. Let z be s(8). Calculate the highest common factor of z and 19.
19
Let l(u) = 77*u - 102. Let q be l(6). What is the highest common factor of q and 8?
8
Let a be (2/1 - 1)*-1*-59. Calculate the greatest common divisor of 767 and a.
59
Let x(k) = -k - 11. Let n be x(-13). Let v(g) = 2*g**3 - g**2 + g + 1. Let z be v(n). Calculate the greatest common divisor of 255 and z.
15
Let h = 448 - 353. What is the highest common factor of h and 76?
19
Suppose 0 = -0*c - c - 125. Let p = 145 + c. Calculate the greatest common factor of 4 and p.
4
Suppose 4*w = -f + w + 20, -2*w = -4*f + 24. What is the greatest common factor of 232 and f?
8
Let d be 2*(0 + 12 - -68). Calculate the greatest common divisor of d and 10.
10
Let i = -14 + 32. Suppose -v = -7*v - 216. Let r = -24 - v. Calculate the greatest common divisor of r and i.
6
Let m = 387 + -321. What is the greatest common factor of m and 6?
6
Let r = -79 - -59. Let a = 32 + r. What is the greatest common divisor of 132 and a?
12
Let w be ((-6)/(-4))/((-27)/1116). Let n = 192 + w. Suppose 0 = 5*o - 4*c - 57, -o + 6*c = 3*c - 7. Calculate the greatest common factor of n and o.
13
Suppose -16*b + 12*b + 28 = 0. Let n be b - (2/4 + 2/(-4)). Calculate the highest common divisor of n and 28.
7
Let p = 19 - 7. Suppose 1 + 41 = -2*f. Let a be 6/f*-41 + 4/14. Calculate the greatest common factor of p and a.
12
Suppose 0 = 5*s + 48 + 62. Let l be (s/6)/((-1)/42). Calculate the highest common factor of l and 22.
22
Let t(f) = -f + 8. Let m be t(6). Suppose -w - 3*z = 6, 0 = 5*w + 4*z - m*z + 4. Suppose 40 = -w*u + 4*u. What is the highest common factor of 40 and u?
10
Let x = -25 + 28. Let o = 219 - 168. What is the greatest common divisor of o and x?
3
Let w = -7 + 10. Suppose 0 = w*o + 3*o. Suppose -z = -o*z - 10. What is the greatest common factor of z and 10?
10
Let r = 45 - 1. Let c(u) = u**2 + 4*u - 7. Let y be c(-6). Let i be y/10*8*1. Calculate the greatest common factor of i and r.
4
Let w be 22 - (1 + -3 - -6). Let g(u) = 44*u**2 - 5*u + 2 + u + 0 + 7*u**2. Let m be g(2). What is the greatest common divisor of w and m?
18
Suppose f + 5*f + 54 = 0. Let n be (-54)/f*(-14)/(-6). Calculate the highest common factor of n and 42.
14
Let o = 11 + -6. Let r be (4 - 69/15)/(1/(-5)). Suppose 2*k - 2*b = 8, k - 7*b - r = -5*b. What is the greatest common factor of o and k?
5
Suppose -3*v = t - 1, 43 = 5*t - 8*v + 4*v. Suppose t*i - 209 + 69 = 0. What is the highest common divisor of 70 and i?
10
Suppose -1107 - 813 = -24*r. Calculate the highest common factor of r and 32.
16
Let s be 97/5 + 4/(-10). Suppose 2*z + z = -171. Let b = z + 114. Calculate the highest common divisor of s and b.
19
Suppose 2*u + 4*l = 3*u - 27, 4*u - 3*l = 121. What is the greatest common divisor of 31 and u?
31
Suppose -l = 1, -2*v - l = 4*l + 5. Let j be 23 + -3 + v/(-4). Suppose 4*y = j, -4*p - 3*y = y - 144. Calculate the highest common divisor of p and 248.
31
Suppose 9*k - 366 = 318. Calculate the highest common divisor of 95 and k.
19
Suppose -2896 - 236 = -29*v. Calculate the greatest common factor of v and 378.
54
Let c = 1688 + -1050. Calculate the greatest common factor of c and 44.
22
Suppose 3*s - 2*s + 5*f - 15 = 0, -4*f - 7 = -3*s. Suppose -s*q = -128 - 22. Calculate the highest common factor of q and 5.
5
Suppose -222 = -9*m + 552. Suppose -3*y + m = -5*c, 3*y - 18 = 2*c + 56. What is the highest common divisor of 44 and y?
22
Let d be 9/2 - (-2)/(-4). Let u(z) = -3*z + 10. Let g be u(d). Let t be g/6 + 64/3. What is the greatest common divisor of t and 3?
3
Let p = 6 - -6. Let f(c) = -c**3 + 7*c**2 + c - 6. Let o be f(6). Calculate the greatest common divisor of o and p.
12
Let i = -738 + 802. Calculate the greatest common factor of i and 2048.
64
Suppose 4*t + 4 = 2*t. Let c be 8 - (-1)/2*t. Let q(b) = b**3 - 4*b**2 - 11*b + 3. Let x be q(-2). What is the greatest common factor of c and x?
1
Let w(i) = -i**2 - 7*i + 28. Let x be w(0). What is the greatest common factor of x and 588?
28
Suppose 0*c + 2*j = -4*c, 3*c - j = 10. Suppose 0*t - 60 = -4*t. Let p = t - 11. What is the highest common factor of p and c?
2
Let w = 424 - 420. Let b(x) = x**3 - 5*x**2 + 3*x - 2. Let n be b(5). Suppose -n = -w*c + 15. Calculate the highest common factor of c and 63.
7
Let t = 0 + 2. Let k be t - 3 - (5 + -8). Calculate the greatest common divisor of k and 8.
2
Let s(p) = -p + 31. Let x be s(17). Suppose 4*v + 3*d + 72 = 4*d, 3*v + 2*d + 54 = 0. Let b = x - v. What is the greatest common divisor of